posite number?
True
Is 7993 prime?
True
Is 3409 a composite number?
True
Is 767381 prime?
True
Is 2064877 prime?
True
Is 103871 composite?
True
Is 178753 prime?
True
Is 2429 prime?
False
Is 45943 a composite number?
False
Is 677891 composite?
False
Is 528449 composite?
True
Is 1763153 a prime number?
False
Is 277013 prime?
False
Is 740209 a composite number?
True
Is 3389 composite?
False
Is 653941 a prime number?
True
Is 16565 composite?
True
Is 371417 composite?
False
Is 2517 a prime number?
False
Is 47249 prime?
False
Is 73561 a prime number?
True
Is 4499 a prime number?
False
Is 566057 a prime number?
True
Is 99661 composite?
False
Is 2137 prime?
True
Is 30817 a composite number?
False
Is 8803 prime?
True
Is 75113 a composite number?
True
Is 10847 composite?
False
Is 603487 prime?
True
Is 997 prime?
True
Is 90371 a prime number?
True
Is 293369 composite?
True
Is 56755 composite?
True
Is 7717 prime?
True
Is 169079 a composite number?
False
Is 954463 composite?
True
Is 400739 a prime number?
True
Is 344749 composite?
False
Is 138709 a prime number?
False
Is 177253 prime?
False
Is 451871 a prime number?
False
Is 57637 a prime number?
True
Is 8999 prime?
True
Is 31483 prime?
False
Is 2010391 prime?
False
Is 1117 a prime number?
True
Is 8093 a prime number?
True
Is 2053 prime?
True
Is 818791 composite?
True
Is 18671 composite?
False
Is 6521 prime?
True
Is 7571 composite?
True
Is 43871 a prime number?
False
Is 88183 a composite number?
True
Is 4618 a prime number?
False
Is 13885 a composite number?
True
Is 206177 a composite number?
False
Is 11669 composite?
True
Is 307357 a prime number?
False
Is 449171 composite?
False
Is 36241 a composite number?
False
Is 147669 composite?
True
Is 96559 prime?
False
Is 3491 prime?
True
Is 59849 prime?
False
Is 6467 composite?
True
Is 2459591 prime?
True
Is 1458049 a prime number?
True
Is 443867 prime?
True
Is 38527 a prime number?
False
Is 13198 composite?
True
Is 374587 a prime number?
True
Is 18119 composite?
False
Is 30377 composite?
True
Is 1481 a composite number?
False
Is 20593 a composite number?
False
Is 1795453 a prime number?
False
Is 29059 a prime number?
True
Is 289543 a prime number?
True
Is 14659 a prime number?
False
Is 2335363 composite?
False
Is 263759 a composite number?
False
Is 5807 prime?
True
Is 2566747 composite?
False
Is 188447 composite?
True
Is 19853 a composite number?
False
Is 92921 a composite number?
False
Is 723997 a composite number?
False
Is 37409 prime?
True
Is 539527 prime?
False
Is 26459 composite?
False
Is 12962 a composite number?
True
Is 41555 a composite number?
True
Is 57311 composite?
True
Is 85469 a composite number?
False
Is 33083 composite?
False
Is 5294 prime?
False
Is 52879 composite?
False
Is 25301 a prime number?
True
Is 1243027 composite?
True
Is 225109 prime?
True
Is 252431 composite?
False
Is 34849 a prime number?
True
Is 140759 composite?
False
Is 7077269 a prime number?
False
Is 153637 a prime number?
False
Is 24233 a prime number?
False
Is 76009 prime?
False
Is 1071001 composite?
True
Is 299771 a prime number?
True
Is 203037 composite?
True
Is 629 a prime number?
False
Is 31631 prime?
False
Is 276211 prime?
False
Is 1467187 prime?
True
Is 18041 a prime number?
True
Is 16567 a prime number?
True
Is 94735 a composite number?
True
Is 59197 composite?
False
Is 239633 prime?
True
Is 323222 prime?
False
Is 63079 prime?
True
Is 79961 prime?
False
Is 587485 prime?
False
Is 135389 prime?
True
Is 1171 prime?
True
Is 24811 a composite number?
True
Is 307345 prime?
False
Is 100787 a composite number?
False
Is 1102111 a composite number?
False
Is 4969 a composite number?
False
Is 292199 a composite number?
True
Is 7697 a composite number?
True
Is 75841 a composite number?
True
Is 96013 composite?
False
Is 739 prime?
True
Is 713579 prime?
False
Is 72217 prime?
False
Is 3682555 composite?
True
Is 699617 a composite number?
False
Is 922 composite?
True
Is 8467 composite?
False
Is 344377 a composite number?
True
Is 24359 a prime number?
True
Is 28901 a prime number?
True
Is 473893 prime?
False
Is 69733 composite?
True
Is 94421 prime?
True
Is 8923 a prime number?
True
Is 847439 composite?
True
Is 22019 a prime number?
False
Is 19651 composite?
True
Is 6433 a composite number?
True
Is 13841 a prime number?
True
Is 36293 composite?
False
Is 50201 prime?
False
Is 48649 composite?
False
Is 99226 prime?
False
Is 22585 a composite number?
True
Is 19121 a prime number?
True
Is 3403 composite?
True
Is 282869 prime?
True
Is 302053 a prime number?
True
Is 669761 prime?
False
Is 2329621 prime?
False
Is 30329 composite?
True
Is 251 a composite number?
False
Is 34399 prime?
False
Is 351763 a prime number?
True
Is 749 a composite number?
True
Is 638815 a composite number?
True
Is 230929 prime?
True
Is 36111 composite?
True
Is 14969 a composite number?
False
Is 8639 composite?
True
Is 384287 prime?
True
Is 27941 a composite number?
False
Is 233639 a prime number?
False
Is 108755 prime?
False
Is 32599 composite?
True
Is 55163 a prime number?
True
Is 5269 composite?
True
Is 42751 prime?
True
Is 2213569 a prime number?
False
Is 778867 prime?
False
Is 162517 composite?
False
Is 56423 a composite number?
True
Is 23649 a composite number?
True
Is 10211 a composite number?
False
Is 120826 a composite number?
True
Is 88589 a prime number?
True
Is 17153 a prime number?
False
Is 6449 a prime number?
True
Is 264281 a composite number?
True
Is 1639 prime?
False
Is 223869 prime?
False
Is 657079 composite?
False
Is 573 a prime number?
False
Is 10771 a composite number?
False
Is 208189 a composite number?
False
Is 77423 composite?
True
Is 3761 a prime number?
True
Is 896647 composite?
False
Is 3233201 a composite number?
False
Is 129853 a composite number?
False
Is 209 a prime number?
False
Is 1765 prime?
False
Is 2113643 a composite number?
True
Is 46711 composite?
True
Is 20849 a composite number?
False
Is 191959 composite?
True
Is 479291 prime?
False
Is 26147 composite?
True
Is 96553 composite?
False
Is 46061 a prime number?
True
Is 5218 a prime number?
False
Is 3511 a prime number?
True
Is 1069 a prime number?
True
Is 306967 prime?
False
Is 938849 a composite number?
True
Is 1999209 prime?
False
Is 31367 prime?
False
Is 84715 prime?
False
Is 5294 a prime number?
False
Is 57617 composite?
True
Is 10129 a composite number?
True
Is 13813 a prime number?
False
Is 72343 composite?
True
Is 668243 a prime number?
True
Is 650487 composite?
True
Is 19587 a composite number?
True
Is 233531 a composite number?
True
Is 100641 prime?
False
Is 490561 composite?
True
Is 329341 a composite number?
True
Is 2203 composite?
False
Is 37477 a prime number?
False
Is 282398 prime?
False
Is 1847 a composite number?
False
Is 1643839 a composite number?
False
Is 1060589 prime?
True
Is 62005 prime?
False
Is 19379 a composite number?
False
Is 43637 prime?
False
Is 17583 prime?
False
Is 35018 a prime number?
False
Is 17707 a prime number?
True
Is 27871 prime?
False
Is 118831 a prime number?
True
Is 410083 a composite number?
True
Is 979687 composite?
True
Is 79103 a composite number?
False
Is 253081 a composite number?
False
Is 1493159 a prime number?
True
Is 199241 a composite number?
True
Is 8141 a composite number?
True
Is 571 a composite number?
False
Is 8353 composite?
False
Is 18931 prime?
False
Is 19457 prime?
True
Is 65629 a composite number?
False
Is 501253 prime?
False
Is 34217 prime?
True
Is 181783 a composite number?
True
Is 41254 a prime number?
False
Is 5813 a prime number?
True
Is 12937 a composite number?
True
Is 108707 prime?
True
Is 5353 composite?
True
Is 206593 composite?
False
Is 9157 a prime number?
True
Is 90583 composite?
False
Is 208959 prime?
False
Is 247873 a composite number?
False
Is 4049 prime?
True
Is 20279 prime?
False
Is 26089 a composite number?
True
Is 529471 composite?
False
Is 572519 composite?
False
Is 22262 composite?
True
Is 32753 prime?
False
Is 5197 prime?
True
Is 515111 a prime number?
True
Is 33805 composite?
True
Is 440893 a composite number?
False
Is 205 prime?
False
Is 7183 composite?
True
Is 9223 a prime number?
False
Is 43391 prime?
True
Is 533509 prime?
True
Is 410291 a composite number?
True
Is 118409 composite?
False
Is 274259 a composite number?
False
Is 479 prime?
True
